te the remainder when j is divided by 139.
105
Let x(r) = r**3 - 10*r**2 - 111*r + 1135. What is the remainder when 8923 is divided by x(10)?
23
Let c(t) = 3*t**2 + 53*t + 136. Calculate the remainder when 133 is divided by c(-3).
1
Suppose -42*v + 7*v + 6440 = 0. What is the remainder when v is divided by 77?
30
Suppose 4*r = 66 + 18. Let i = -23634 - -23712. What is the remainder when i is divided by r?
15
Suppose 0 = 5*r - 107 + 77. What is the remainder when 248 is divided by (-5*90/27)/((-2)/r)?
48
Let k be 424/(-6) + ((-60)/18)/(-5). Let z = -26 - k. What is the remainder when 130 is divided by z?
42
Let j = 6103 + -6093. What is the remainder when 45 is divided by j?
5
Suppose 31*u - 33*u + 146 = 0. Let l = -20 + u. Calculate the remainder when l is divided by 15.
8
Let x = 477 + -474. Let s(i) = i**3 + 3*i**2 - 12*i - 6. Let h be s(-5). Suppose -x*k + h*k = 17. What is the remainder when 62 is divided by k?
11
Suppose -84 = -3*i + 270. Suppose 6 = -4*q + 4*w + 110, -4*q - 3*w + i = 0. What is the remainder when q is divided by 16?
12
Suppose -25 + 13 = 3*z, -3*x + 3*z = -12. Suppose x = 4*o - 18 - 2. Calculate the remainder when 13 is divided by o.
3
Let p(w) = -w + 229. Let a = 131 - 114. Let k = 63 - a. What is the remainder when p(0) is divided by k?
45
Calculate the remainder when 1612 is divided by (-196)/147 - (-138)/9.
2
Let y(k) = k + 5. Let c be y(-2). Let m be (2 - (-4 - -2)) + c. Suppose 3*f - m = -4*h + 21, 3*f = 0. Calculate the remainder when h is divided by 5.
2
Suppose 0 = 15*h - 8*h - 1267. Suppose -23*n = -95 - h. Calculate the remainder when 116 is divided by n.
8
Suppose -d - 13 = -6*o + o, -2*d - 4*o + 44 = 0. Suppose -c + d = 5*c. Suppose 12*y + c*y = 756. Calculate the remainder when y is divided by 14.
12
Let p(v) be the first derivative of -v**4/4 - 29*v**3/3 + 14*v**2 - 39*v - 24. Calculate the remainder when 69 is divided by p(-30).
6
Let z = 7552 - 6652. What is the remainder when z is divided by 41?
39
Suppose 71*m - 59*m - 8844 = 0. Let t = m - 550. Calculate the remainder when t is divided by 65.
57
Suppose -4*o + m = -2*m - 671, 0 = -4*o - 4*m + 692. Let v = -117 + o. What is the remainder when v is divided by 30?
23
Let h(i) = -3*i - 32. Let c be h(-12). Suppose n = 3*r + 2*n + 53, c*r = -n - 72. What is the remainder when r*(3 + -4)/1 is divided by 10?
9
Suppose 4*w - 37*w - 6468 = 0. Let r = w - -214. What is the remainder when 68 is divided by r?
14
Suppose 55 = 66*f - 4169. Calculate the remainder when 3005 is divided by f.
61
Let v(k) = -14*k + 94. Let q be v(7). Let l(g) = g**3 + 5*g**2 - 6*g - 26. What is the remainder when 16 is divided by l(q)?
2
What is the remainder when (5/4)/(11 - 405/30)*-1548 is divided by 164?
118
Let p = 527681 + -527638. Suppose -5*i + 318 - 18 = 0. Calculate the remainder when i is divided by p.
17
Suppose 0 = 12*s - 91 - 3173. Calculate the remainder when s is divided by 67.
4
Let c(v) = -v - 10. Let j(r) = r**3 + 9*r**2 - 10*r - 10. Let a be j(-10). Let q be c(a). What is the remainder when 20 + 3 - q - (3 + -5) is divided by 10?
5
Let b be (8/(-3))/(12/(-288)). Suppose -n - r + 30 = 2*r, -3*n + 4*r + b = 0. What is the remainder when n is divided by 13?
11
Let m = -13 + 10. Let x(s) = 4*s**2 + 8*s + 7. What is the remainder when 54 is divided by x(m)?
16
Let z be 1 + -4 - -36 - 0. Let l be 3*((-22)/z + 46/6). Let j = 109 - l. What is the remainder when j is divided by 23?
19
Let v be 6*((-13680)/(-10))/(-9). Calculate the remainder when 115 is divided by (5/1)/((-380)/v).
7
Let l = -1565 - -2158. What is the remainder when l is divided by 98?
5
Let j(v) = 4*v - 74. Let t be j(19). Suppose -t*s - 594 = -8*s. Calculate the remainder when s is divided by 26.
21
Let h(r) = -2*r - 32. Let q be h(-23). Suppose 435 - 2339 = -q*g. Suppose 4*j - g = 2*j - 5*m, -4*m - 42 = -j. Calculate the remainder when j is divided by 13.
6
Let u = 66 - 60. Let p = u + 20. Calculate the remainder when 177 is divided by p.
21
Suppose -10*x = -6*x + 5*g - 659, -3*g = 7*x - 1136. Calculate the remainder when x is divided by 43.
32
Suppose 3*r + r - 84 = 0. What is the remainder when r is divided by ((-1)/(-3))/((-39)/(-1404))?
9
Let u = 1030 - 1021. Calculate the remainder when 385 is divided by u.
7
Let m(b) = -b**3 + 10*b**2 - b + 13. Let v be m(10). Let j be v - ((-12)/(-1) + -3 + 4). What is the remainder when j/(-70) + 222/14 is divided by 5?
1
Suppose j = -5*j + 18786 - 3882. Calculate the remainder when j is divided by 71.
70
Suppose -a + 2*a - 83 = 0. Calculate the remainder when (187/(-33))/((-4)/288) is divided by a.
76
Suppose 0 = 4*m + 2*u - 168, -2*u - 200 = 153*m - 157*m. Calculate the remainder when 1302 is divided by m.
14
Suppose -y - 1 = -6. Suppose 0 = -4*d + d + 204. Suppose -4*f + d = 3*x, 0*x + 4*f = y*x - 124. What is the remainder when 66 is divided by x?
18
Let y = 419 + -277. Let z be (-1)/12 - (-1470)/360. Suppose -3*v + z*x - 136 = -7*v, -2*v = -5*x - 82. What is the remainder when y is divided by v?
34
Suppose -4*u + 8 = 0, 2*a + 3*u - 1230 + 224 = 0. Let o = -487 + a. What is the remainder when 192 is divided by o?
10
Let m(z) be the third derivative of 3*z**4/8 + 391*z**3/6 - 31*z**2 - 1. What is the remainder when m(-37) is divided by (11 + -1)*(-12)/(-10)?
10
Let d = 175 + -121. Let n = -31 + d. Suppose -2115*q = -809*q - 20896. Calculate the remainder when n is divided by q.
7
Suppose 2 = g - 6. Let k = -214 + 217. Suppose -4*r - 4*c = -264, -c + 1 = -k. Calculate the remainder when r is divided by g.
6
Let k(b) = 2*b**2 - 4*b - 39. Let f be k(-4). Suppose 3 = -3*t, h + 31*t - 29*t - f = 0. What is the remainder when 85 is divided by h?
8
Let m(o) = 19*o**2 - 2*o - 3. Let s be m(2). Let q = 71 - s. Calculate the remainder when (-41)/(-1)*((-6)/6 + q) is divided by 7.
6
Let i = 195 - 185. Suppose -i*r + 12*r - 32 = 0. Calculate the remainder when 28 is divided by r.
12
Suppose 50*s - 2000 - 1644 = 2206. What is the remainder when 1044 is divided by s?
108
Let q = 222 - 89. Calculate the remainder when q is divided by 25 + (-12)/(-16)*(-840)/63.
13
Let q = 9789 + -9652. Calculate the remainder when 1506 is divided by q.
136
Suppose -22 = 5*k - 32. Let v be 2*k/(-6)*3. Calculate the remainder when 114 is divided by -1 + (3 - -1) - 52/v.
27
Let b = 1520 - 1339. Let d(g) = 3*g**2 - 4*g + 5. What is the remainder when b is divided by d(4)?
33
What is the remainder when 479 is divided by -1*(-1476)/(-27)*(-7 + 77/14)?
69
Suppose -25*g - 19188 = -189*g. What is the remainder when 468 is divided by g?
0
Suppose -2*m - 1112 = -6*m. What is the remainder when (m - 4)*1 + 1 is divided by 56?
51
Let u(o) = -o**2 - 15*o + 11. Let r be u(-16). What is the remainder when 21 is divided by (4 + -12*(r + 3))/2?
7
Let r = 2467 - 2373. Suppose w - 472 = -2*c, -2*c + 0*c + 10 = 0. Suppose r = -8*g + w. Calculate the remainder when g is divided by 8.
6
Let o(t) = -26*t**3 + 9*t + 10. Suppose 43 - 27 = -8*h. Calculate the remainder when o(h) is divided by 23.
16
What is the remainder when (3 + 3)/(-1) + (-20108)/(-22) is divided by 9?
8
Let n(m) = 12*m**2 + 5*m - 4. Suppose -3*v = 9 + 12. Let w be n(v). Suppose w = -p + 10*p. What is the remainder when p is divided by 21?
19
Suppose -312 = -7*l + 3*l. Let i = 562 - 564. Let f(z) = 9*z**2 - 6*z - 8. What is the remainder when l is divided by f(i)?
38
Let w(x) = -x**3 - 4*x**2 + 3*x - 2. Let a = 9586 - 9563. What is the remainder when a is divided by w(-5)?
7
Let i be 17/(-4) + (-182)/104. Let v(b) = -15*b - 59. What is the remainder when 64 is divided by v(i)?
2
Suppose -8*p = 4*h - 5*p - 2800, -2*h - 5*p + 1386 = 0. Calculate the remainder when h is divided by 34.
23
Let s = 30 - 21. Suppose -10*q + 174 = -s*q. What is the remainder when 51 is divided by q/24 + -1 + (-2)/8?
3
Let g = 37491 - 37213. Calculate the remainder when g is divided by 233.
45
Suppose 5*f - 14*f = -22*f + 416. Calculate the remainder when f is divided by 22.
10
Let d = 38 + -48. Let s = 51 - d. Let j(v) = -3*v - 9. What is the remainder when s is divided by j(-6)?
7
Calculate the remainder when 591 is divided by (-20 - (-21 - -13)) + 28.
15
Suppose -33833 = -47*q - 12548 + 21344. What is the remainder when q is divided by 50?
7
Suppose -932 + 4340 = 12*